-40
In base 10, what is -4 + -1?
-5
In base 15, what is -4 + 2c0?
2bb
In base 5, what is -2000 - -130?
-1320
In base 12, what is 20 + 6?
26
In base 8, what is -16 - 226?
-244
In base 4, what is 111201 + 2?
111203
In base 3, what is 201 - 1122100?
-1121122
In base 16, what is -340d + -5?
-3412
In base 14, what is 199 + 0?
199
In base 4, what is -20 - -21?
1
In base 12, what is 572 - -3?
575
In base 6, what is -132 - -525?
353
In base 7, what is -52 - -1225?
1143
In base 13, what is -4a + 79?
2c
In base 7, what is 114145 + 1?
114146
In base 5, what is -104 - 104?
-213
In base 9, what is 52 + -5?
46
In base 3, what is -2220 + 2000?
-220
In base 6, what is 1 + 120?
121
In base 5, what is 1 + 11313?
11314
In base 15, what is -4 - 184?
-188
In base 14, what is -2 + -d8?
-da
In base 3, what is -11100 + -1011?
-12111
In base 5, what is -112 + -1?
-113
In base 5, what is -113 + 2?
-111
In base 4, what is 133 - -1112?
1311
In base 2, what is 101110 - -100?
110010
In base 16, what is 13d - 0?
13d
In base 15, what is -47b + 4?
-477
In base 5, what is 12133 - -4?
12142
In base 14, what is -4 - 46?
-4a
In base 15, what is -2d + -13?
-41
In base 14, what is 3 - 117?
-114
In base 14, what is 16 - d?
7
In base 3, what is -20201 - 11?
-20212
In base 9, what is 5 - -11?
16
In base 2, what is -1110011110 - -1?
-1110011101
In base 7, what is 3 + -2113?
-2110
In base 2, what is -111100101 + -100?
-111101001
In base 9, what is -17 - 128?
-146
In base 6, what is 102 + 2?
104
In base 16, what is -1d5 - 3?
-1d8
In base 15, what is -25d - -5?
-258
In base 4, what is -202333 + -3?
-203002
In base 11, what is 16 + -459?
-443
In base 15, what is -13 - -193?
180
In base 3, what is 101001 - 1?
101000
In base 3, what is -22120 - 10?
-22200
In base 13, what is -4 + 5?
1
In base 8, what is -1171 - 2?
-1173
In base 9, what is -45 - 283?
-338
In base 10, what is 242 - -4?
246
In base 4, what is 2 + -112321?
-112313
In base 5, what is -3 - 21343?
-21401
In base 6, what is -123 + -2012?
-2135
In base 14, what is -879 - -1?
-878
In base 15, what is c2 + -1?
c1
In base 16, what is -2 - 807?
-809
In base 10, what is -758 - -18?
-740
In base 4, what is -11223 + -3?
-11232
In base 9, what is -3 - 23?
-26
In base 4, what is -10301023 - 10?
-10301033
In base 6, what is -33 - -1?
-32
In base 16, what is -2 + 524?
522
In base 3, what is 222112 + 1000?
1000112
In base 4, what is 0 + 23310?
23310
In base 7, what is -32 + 4454?
4422
In base 6, what is 12 + 43?
55
In base 15, what is -3b61 + 3?
-3b5d
In base 8, what is -14 - -62?
46
In base 5, what is -11242 - -3?
-11234
In base 4, what is -2 + -11?
-13
In base 9, what is -144 + -82?
-236
In base 2, what is 1001111010 - 101?
1001110101
In base 10, what is 5 - -2000?
2005
In base 13, what is -5 + -1c6?
-1cb
In base 9, what is -14 + -727?
-742
In base 2, what is 0 + -11100101000?
-11100101000
In base 16, what is 9 - -8e?
97
In base 14, what is 3 - -123?
126
In base 10, what is 87 - -2?
89
In base 8, what is -5 - 7733?
-7740
In base 13, what is 5 - -214?
219
In base 15, what is -47 - 12?
-59
In base 13, what is a - -510?
51a
In base 13, what is 1c7 + -2c?
198
In base 11, what is 10 + 4a?
5a
In base 10, what is 5 + -1?
4
In base 6, what is -1243 - -2?
-1241
In base 11, what is 0 + -14?
-14
In base 11, what is -3 + -95?
-98
In base 9, what is -350 - -2?
-347
In base 4, what is -10010 + -10?
-10020
In base 14, what is 489 - -2?
48b
In base 11, what is 124 + -3?
121
In base 6, what is -42 + -15?
-101
In base 3, what is -111201 + -10?
-111211
In base 8, what is 56 + -33?
23
In base 16, what is e4 - 5?
df
In base 2, what is 1 + 1111111?
10000000
In base 7, what is -15 - -6621?
6603
In base 15, what is 14 + -5?
e
In base 16, what is 8 + a6?
ae
In base 9, what is -2 + -54?
-56
In base 11, what is 25 - 74?
-4a
In base 9, what is 6 + 44?
51
In base 4, what is -212 + 13?
-133
In base 4, what is 111 + -3201?
-3030
In base 8, what is 570 - -4?
574
In base 3, what is 10 + 101?
111
In base 16, what is e4 - 18?
cc
In base 5, what is -1 - -303?
302
In base 7, what is 1 + 520?
521
In base 14, what is 0 + -677?
-677
In base 8, what is -5 + 6670?
6663
In base 3, what is -10 - 212?
-222
In base 5, what is 1 - 224?
-223
In base 9, what is 3 - 6?
-3
In base 16, what is -1 + -d77?
-d78
In base 10, what is -642 - 1?
-643
In base 7, what is 1 + 51?
52
In base 12, what is 16 - -39?
53
In base 3, what is -21120022 - -2?
-21120020
In base 14, what is 15 + 21?
36
In base 3, what is -1001022 + 11?
-1001011
In base 12, what is 6a9 + 0?
6a9
In base 6, what is -31 + -50?
-121
In base 8, what is -63 - 4?
-67
In base 5, what is 0 - 10142?
-10142
In base 3, what is 121 + 12?
210
In base 16, what is -1ce - -2?
-1cc
In base 6, what is 4 - -5322?
5330
In base 8, what is 127 + -11?
116
In base 2, what is 1001 + 1011?
10100
In base 14, what is 17b + -3?
178
In base 5, what is -3 - 31011?
-31014
In base 16, what is -3 - 8?
-b
In base 16, what is -4 - 31?
-35
In base 2, what is -1011010 + -11?
-1011101
In base 9, what is -3 + -2082?
-2085
In base 10, what is 30 - -20?
50
In base 2, what is -10111011001 + -100?
-10111011101
In base 15, what is 0 - e?
-e
In base 10, what is -7 + 18?
11
In base 16, what is -2af - -2?
-2ad
In base 13, what is -105 - -27?
-ab
In base 9, what is -15 + -31?
-46
In base 4, what is -1 + 1022?
1021
In base 8, what is 5 - 2073?
-2066
In base 16, what is 2 - 67?
-65
In base 7, what is -40 + -101?
-141
In base 13, what is -3 + -223?
-226
In base 13, what is -7 - 113?
-11a
In base 16, what is -d3ef - -2?
-d3ed
In base 9, what is 110 + 0?
110
In base 6, what is 2 + -510?
-504
In base 11, what is -3a - 2?
-41
In base 4, what is -212031 - -21?
-212010
In base 15, what is 41 + 0?
41
In base 13, what is 0 + -11?
-11
In base 10, what is -59 + 109?
50
In base 9, what is -4 + -82?
-86
In base 3, what is 102101 - -2?
102110
In base 16, what is 62 + -36?
2c
In base 14, what is 6 - -118?
120
In base 11, what is 8 + 522?
52a
In base 2, what is 101 + 11011?
100000
In base 6, what is -4 - -11135?
11131
In base 13, what is -13 + c?
-4
In base 2, what is -1 + -1001?
-1010
In base 13, what is b8 - -7?
c2
In base 13, what is 0 - -1006?
1006
In base 9, what is -2 - -48?
46
In base 12, what is -1 + 46?
45
In base 8, what is -16 + 102?
64
In base 11, what is -28 - -823?
7a6
In base 6, what is -121 + 0?
-121
In base 13, what is 3 - 41?
-3b
In base 5, what is -1203 + -41?
-1244
In base 9, what is 107 - 37?
60
In base 16, what is 5c + 4?
60
In base 9, what is -1 + 166?
165
In base 8, what is -72 + -23?
-115
In base 8, what is -73 - 0?
-73
In base 2, what is -1000 + 10010111?
10001111
In base 6, what is 4 + 31302?
31310
In base 13, what is -56 - -22?
-34
In base 2, what is 1 + 11011110?
11011111
In base 14, what is 4 - 7a?
-76
In base 4, what is 2310121 + 0?
2310121
In base 2, what is 110000 + 1101?
111101
In base 3, what is 10 - -20121?
20201
In base 11, what is 1 - a?
-9
In base 10, what is -3 - 3692?
-3695
In base 6, what is 31 - -21?
52
In base 16, what is 89 + 2f?
b8
In base 15, what is dc - 0?
dc
In base 7, what is -23 - 0?
-23
In base 10, what is 3500 + -5?
3495
In base 5, what is -133 + -3?
-141
In base 14, what is 6 - -d?
15
In base 14, what is 1a40 - 0?
1a40
In base 9, what is -253 + -1?
-254
In base 8, what is 20 + 7?
27
In base 8, what is 41 - -713?
754
In base 8, what is 420 + -13?
405
In base 11, what is -190 + 0?
-190
In base 13, what is 1ba6 - -4?
1baa
In base 12, what is -188 + 1?
-187
In base 3, what is 2 - 111121?
-111112
In base 4, what is 31 - -1131?
1222
In base 2, what is -11 + -1011110011?
-1011110110
In base 3, what is 11202 - 122?
11010
In base 12, what is 4 + 57?
5b
In base 14, what is -85 + 1?
-84
In base 14, what is -3a - -1?
-39
In base 9, what is 12480 - -1?
12481
In base 8, what is 4 - 3200?
-3174
In base 4, what is -2 - 3130?
-3132
In base 2, what is 101 - 101?
0
In base 14, what is 9a4b + 4?
9a51
In base 5, what is 3 + -1134?
-1131
In base 3, what is 12210 + 21?
20001
In base 14, what is -d98 - 0?
-d98
In base 5, what is -30 + 312?
232
In base 13, what is -27 + -7a?
-a4
In base 4, what is -100101 + -101?
-100202
In base 11, what is 99 - 6?
93
In base 6, what is 411 + -20?
351
In base 9, what is -34 + 15?
-18
In base 5, what is 222 - 13?
204
In base 11, what